100.
20
Suppose -4*z = -2*z - 110. Calculate the highest common divisor of 11 and z.
11
Suppose 3*i + o + 4 - 77 = 0, -1 = -o. Calculate the highest common divisor of i and 36.
12
Suppose 26*r - 25*r = 88. What is the highest common divisor of r and 132?
44
Suppose 0*v - v + 70 = 0. Calculate the greatest common divisor of 10 and v.
10
Let f(k) = 5*k + 24. Let q be f(-2). Let g be (-1)/(-4) + 110/8. What is the greatest common divisor of q and g?
14
Let a be 8/6*135/(-30). Let m = 9 + a. What is the greatest common divisor of 3 and m?
3
Suppose 2*m = -m - 2*q + 404, 4*m = 2*q + 520. What is the highest common factor of 12 and m?
12
Let h(j) = 27*j - 3. Let k be h(2). Suppose n = -34 - 26. Let i be 3 - (n/2 - 1). What is the highest common divisor of k and i?
17
Let p be -2*((-56)/2)/2. What is the greatest common factor of 7 and p?
7
Suppose -2*u - 5*z = -37, -3*u - 3*z = -u - 27. Let b = 74 - 44. Calculate the highest common factor of u and b.
6
Suppose -z = 3*j - 237, -z + 2*j + 245 = -3*j. Suppose 0 = -17*v + 14*v + z. What is the highest common divisor of v and 10?
10
Suppose -5*q = -0*q - 490. Let r(b) = -5*b - 1. Let l be r(-2). Let u = 23 - l. Calculate the greatest common factor of q and u.
14
Let u = -67 - -139. Let w be (u/(-5))/((-15)/250). Suppose -40 = -4*j + w. What is the greatest common divisor of 14 and j?
14
Suppose -16 = 4*a + 16. Let b = a + 27. Calculate the highest common divisor of b and 171.
19
Let r(d) = d**3 + 2*d**2 - 5*d + 3. Let y be r(3). Calculate the highest common divisor of 165 and y.
33
Let c(t) = 31*t + 2. Let g(a) = -31*a - 1. Let k(q) = 3*c(q) + 2*g(q). Let y be k(2). What is the greatest common divisor of 22 and y?
22
Suppose x - 4 = -x - 4*g, -4*x - 3*g = 7. Let p(m) = 4*m**2 + m + 3. Let u be p(x). Calculate the greatest common factor of u and 7.
7
Let y be ((-14)/4)/((-2)/4). Suppose 21 = 5*i + 1. Suppose -i*v + 2 = -5*v, 58 = 4*q - v. What is the greatest common divisor of y and q?
7
Let p(a) = a**2 + 6*a - 8. Let x be p(-9). Calculate the highest common factor of 342 and x.
19
Let o(b) = -b + 7. Let g be o(-6). What is the greatest common divisor of g and 104?
13
Let r be -6*2/(-8)*2. Let c be -1 + 1/(r/66). What is the highest common divisor of 7 and c?
7
Let y be (-8)/((3 - 2)*-1). Let b = -33 + 161. Suppose -3*c + 4*d + b = 0, -2*d + d - 162 = -4*c. Calculate the highest common factor of y and c.
8
Let m(l) = -l**3 - 4*l**2 + 7*l + 6. Let a be m(-5). Let i be (5 + a)*(-8)/(-2). Calculate the highest common factor of 44 and i.
4
Let n be 2/2 - -4*2. Let m = n + -1. Suppose -p + f = 5 - 46, -f = 5*p - 199. Calculate the highest common factor of m and p.
8
Let t(l) = 2*l + 62. Let s be t(-14). Calculate the greatest common factor of 17 and s.
17
Let w(p) = 5*p + 6*p + 9*p. Let o be w(3). Calculate the greatest common factor of o and 20.
20
Let w(k) = k**3 - 4*k**2 + 5*k - 1. Let v be w(4). Suppose l = -7 + v. Let s = 88 - 40. Calculate the highest common factor of l and s.
12
Suppose 193 + 119 = 4*t. Suppose -5*p + 3*p = -t. Suppose 126 = 5*l + 2*u, -5*l = -6*l - 5*u + 16. Calculate the greatest common factor of l and p.
13
Let k(t) = -t**2 - 11*t - 5. Let s be k(-5). Calculate the highest common divisor of s and 20.
5
Suppose -8*w = -3*w - 90. Suppose p + 3*p = 5*d - 94, 0 = 2*p + 2. Calculate the highest common divisor of d and w.
18
Let j be 48/5 + (-4)/(-10). Let q = 0 + j. Let r be (-4)/3*(-105)/2. What is the highest common divisor of q and r?
10
Suppose y = -0*l + l - 21, 20 = -5*y. Let t = 8 + 9. Calculate the greatest common factor of l and t.
17
Let s(z) = z**3 + 3*z**2 + 3*z. Let m be s(-3). Let j = 1 - m. Calculate the greatest common factor of j and 30.
10
Suppose 0 = 5*b - 21 + 1. Suppose b*z = 3*o - 656, 0*o + 2*z = 2*o - 436. Suppose c - o = -3*c. Calculate the greatest common divisor of c and 6.
6
Suppose -2*o + 107 = 23. Suppose 0 = -d - d + 4. Suppose 0 = -3*q + 5*f - 0*f + 130, q - o = d*f. Calculate the greatest common divisor of 10 and q.
10
Let w = -24 + 29. Suppose -1 = -h + w. What is the highest common factor of 60 and h?
6
Let r(k) = -8*k - 1. Let z be r(-2). Let y(u) = -5*u. Let t be y(-3). What is the highest common divisor of t and z?
15
Suppose 6*j - j = 0. Suppose 0 = 3*h - 5*y - 38, -3*y = -j*h - 4*h + 36. Suppose 2*a + 18 = 3*a. Calculate the highest common factor of a and h.
6
Let q be 41/6 - (-5)/30. Let g = q + -3. Calculate the highest common factor of g and 32.
4
Let b(m) be the first derivative of m**3 - m**2/2 - 2*m + 1. Let k be b(2). Suppose -3*v + 18 = -54. What is the greatest common factor of k and v?
8
Let b = 6 - -9. Let c be 1/3 + (-938)/(-21). Calculate the highest common factor of c and b.
15
Let x(a) = -2*a**2 + 12*a - 5. Let o be x(5). Suppose 3*g - 68 = -o*k, g = k + 7 + 5. Calculate the greatest common divisor of 24 and g.
8
Let p = 72 - 32. What is the highest common factor of 5 and p?
5
Let w = -2 + 5. Suppose -c = w - 18. Calculate the highest common divisor of 45 and c.
15
Let i be 3 + (4 + 0)*(0 - -1). Let v be 1*(-1 + 4/2). Calculate the greatest common factor of i and v.
1
Let k(t) = 4*t + 135. Let r be k(0). Calculate the greatest common factor of r and 15.
15
Suppose 15 = -3*k, 2*x - 2*k = k + 25. Suppose -3*r + 4*g = -16, 2*g = 3*r + 2*r - 8. Suppose 15 = 3*a - r. What is the greatest common factor of x and a?
5
Let p = 214 + -102. Let j = p - 4. What is the highest common divisor of j and 12?
12
Let q = 0 - -2. Let j be (-92)/(-9) + 6/(-27). What is the highest common divisor of j and q?
2
Let c = 2 - -10. Suppose 3*j - 4 = -j. Let d = 3 + j. Calculate the highest common divisor of d and c.
4
Let g = 21 + 1. Let m = -31 + 80. Suppose 2*r + r - m = 4*z, z - 51 = -5*r. What is the highest common divisor of g and r?
11
Let s be -1 + 6 + (3 - 2). Calculate the highest common divisor of 54 and s.
6
Let n(q) = -26 + q + 51 - 5*q + 5*q. Let j be n(-19). What is the greatest common factor of 3 and j?
3
Let f be 6*(-76)/36*-3 - -2. Calculate the highest common divisor of 8 and f.
8
Let u = -359 - -255. Let f = u - -176. Let a be (-182)/(-10) + 6/(-30). Calculate the highest common factor of a and f.
18
Let d be 6 + 7/14 + 5/(-2). What is the greatest common factor of 44 and d?
4
Let g = 18 + -9. Let t(u) = u**2 - 3*u + 16. Let r be t(-12). Let a = -97 + r. What is the greatest common divisor of a and g?
9
Suppose 0 = 5*t - 3*t + 8. Let k = t - -12. What is the highest common factor of k and 24?
8
Let i be -46*(2 + -3) + -1. Suppose i = 4*j + 5*v, -j - v + 15 = j. Let q be (-72)/j*(3 + -8). What is the greatest common factor of 8 and q?
8
Suppose -5*o - 15 = 0, 3*u - 2*o - 5 = 7. Suppose 5*y - 60 = -5*t, 0 = 5*t - 4*y + 8*y - 58. Calculate the greatest common factor of u and t.
2
Let f be 21 + 0 + 26 + -23. What is the greatest common factor of 36 and f?
12
Let b = -21 + 45. What is the greatest common factor of 12 and b?
12
Suppose 1 + 5 = 3*v. Calculate the greatest common divisor of 6 and v.
2
Suppose 5*z - 285 - 107 = g, 4*z - 316 = 2*g. Suppose z = 6*n - 3*n. Suppose y = -y + n. What is the greatest common divisor of y and 13?
13
Let y(k) = k**2 - k + 14. Let w be y(0). Calculate the greatest common divisor of w and 98.
14
Let w be (-66)/(-14) + (-10)/(-35). Suppose 5*p - 267 = p + w*x, -57 = -p - 2*x. Let u = -27 + p. Calculate the highest common divisor of 9 and u.
9
Let a = 28 - 26. Calculate the highest common divisor of 3 and a.
1
Let k = 11 + -14. Let x be 4/(-6)*(1 + -4). Let m = x - k. What is the highest common factor of m and 2?
1
Suppose -4*z = 12, z + 15 = -o + 4*o. Let c = -3 + o. Let t be (1/1 - c) + 10. What is the greatest common factor of t and 40?
10
Suppose -5*i + 2*h + 15 = -0*h, 4*h - 25 = -i. Suppose 47 + 43 = i*s. What is the greatest common divisor of 6 and s?
6
Suppose -3*w + 2*w - 2*p = -20, 60 = 4*w + 3*p. Let i = -2 + 4. Calculate the highest common factor of w and i.
2
Let s(c) = -8*c + 5 + 3*c**2 - 4*c**2 + 2*c. Let h be s(-6). Let d be -2*(0 + -2) - -31. Calculate the highest common factor of d and h.
5
Let l = 1 - 2. Let u be (4 - (83 - 2))*l. What is the highest common factor of u and 11?
11
Suppose 0 = -4*u + 4*y - 520, 450 + 218 = -5*u - 4*y. Let t = u - -192. Calculate the greatest common factor of 2